CRAN Package Check Results for Package pgTools

Last updated on 2021-08-03 23:52:21 CEST.

Flavor Version Tinstall Tcheck Ttotal Status Flags
r-devel-linux-x86_64-debian-clang 0.1.0 3.98 35.97 39.95 NOTE
r-devel-linux-x86_64-debian-gcc 0.1.0 2.90 26.91 29.81 NOTE
r-devel-linux-x86_64-fedora-clang 0.1.0 56.66 NOTE
r-devel-linux-x86_64-fedora-gcc 0.1.0 44.66 NOTE
r-devel-windows-x86_64 0.1.0 5.00 54.00 59.00 NOTE
r-devel-windows-x86_64-gcc10-UCRT 0.1.0 NOTE
r-patched-linux-x86_64 0.1.0 3.85 34.15 38.00 NOTE
r-patched-solaris-x86 0.1.0 64.40 NOTE
r-release-linux-x86_64 0.1.0 3.47 33.11 36.58 NOTE
r-release-macos-arm64 0.1.0 NOTE
r-release-macos-x86_64 0.1.0 NOTE
r-release-windows-ix86+x86_64 0.1.0 8.00 42.00 50.00 NOTE
r-oldrel-macos-x86_64 0.1.0 OK
r-oldrel-windows-ix86+x86_64 0.1.0 6.00 51.00 57.00 OK

Check Details

Version: 0.1.0
Check: LazyData
Result: NOTE
     'LazyData' is specified without a 'data' directory
Flavors: r-devel-linux-x86_64-debian-clang, r-devel-linux-x86_64-debian-gcc, r-devel-linux-x86_64-fedora-clang, r-devel-linux-x86_64-fedora-gcc, r-devel-windows-x86_64, r-devel-windows-x86_64-gcc10-UCRT, r-patched-linux-x86_64, r-patched-solaris-x86, r-release-linux-x86_64, r-release-macos-arm64, r-release-macos-x86_64, r-release-windows-ix86+x86_64