CRAN Package Check Results for Package pez

Last updated on 2021-10-20 23:50:19 CEST.

Flavor Version Tinstall Tcheck Ttotal Status Flags
r-devel-linux-x86_64-debian-clang 1.2-3 15.80 210.00 225.80 OK
r-devel-linux-x86_64-debian-gcc 1.2-3 14.12 159.77 173.89 OK
r-devel-linux-x86_64-fedora-clang 1.2-3 276.86 OK
r-devel-linux-x86_64-fedora-gcc 1.2-3 274.53 OK
r-devel-windows-x86_64 1.2-3 30.00 284.00 314.00 OK
r-devel-windows-x86_64-gcc10-UCRT 1.2-3 ERROR
r-patched-linux-x86_64 1.2-3 23.24 209.89 233.13 OK
r-patched-solaris-x86 1.2-3 393.40 OK
r-release-linux-x86_64 1.2-3 20.65 216.23 236.88 OK
r-release-macos-arm64 1.2-3 OK
r-release-macos-x86_64 1.2-3 OK
r-release-windows-ix86+x86_64 1.2-3 25.00 271.00 296.00 OK
r-oldrel-macos-x86_64 1.2-3 OK
r-oldrel-windows-ix86+x86_64 1.2-3 37.00 291.00 328.00 OK

Check Details

Version: 1.2-3
Check: package dependencies
Result: ERROR
    Package required but not available: 'phytools'
    
    See section 'The DESCRIPTION file' in the 'Writing R Extensions'
    manual.
Flavor: r-devel-windows-x86_64-gcc10-UCRT