CRAN Package Check Results for Package pestr

Last updated on 2021-10-19 23:53:04 CEST.

Flavor Version Tinstall Tcheck Ttotal Status Flags
r-devel-linux-x86_64-debian-clang 0.8.2 2.65 38.89 41.54 NOTE
r-devel-linux-x86_64-debian-gcc 0.8.2 2.42 29.27 31.69 NOTE
r-devel-linux-x86_64-fedora-clang 0.8.2 59.78 NOTE
r-devel-linux-x86_64-fedora-gcc 0.8.2 49.10 NOTE
r-devel-windows-x86_64 0.8.2 6.00 63.00 69.00 NOTE
r-devel-windows-x86_64-gcc10-UCRT 0.8.2 NOTE
r-patched-linux-x86_64 0.8.2 3.02 37.86 40.88 NOTE
r-patched-solaris-x86 0.8.2 75.00 NOTE
r-release-linux-x86_64 0.8.2 2.63 38.29 40.92 NOTE
r-release-macos-arm64 0.8.2 NOTE
r-release-macos-x86_64 0.8.2 NOTE
r-release-windows-ix86+x86_64 0.8.2 12.00 61.00 73.00 NOTE
r-oldrel-macos-x86_64 0.8.2 OK
r-oldrel-windows-ix86+x86_64 0.8.2 7.00 61.00 68.00 OK

Check Details

Version: 0.8.2
Check: LazyData
Result: NOTE
     'LazyData' is specified without a 'data' directory
Flavors: r-devel-linux-x86_64-debian-clang, r-devel-linux-x86_64-debian-gcc, r-devel-linux-x86_64-fedora-clang, r-devel-linux-x86_64-fedora-gcc, r-devel-windows-x86_64, r-devel-windows-x86_64-gcc10-UCRT, r-patched-linux-x86_64, r-patched-solaris-x86, r-release-linux-x86_64, r-release-macos-arm64, r-release-macos-x86_64, r-release-windows-ix86+x86_64