CRAN Package Check Results for Package pequod

Last updated on 2021-09-19 23:50:24 CEST.

Flavor Version Tinstall Tcheck Ttotal Status Flags
r-devel-linux-x86_64-debian-clang 0.0-5 7.29 66.67 73.96 OK
r-devel-linux-x86_64-debian-gcc 0.0-5 5.98 50.02 56.00 OK
r-devel-linux-x86_64-fedora-clang 0.0-5 97.72 OK
r-devel-linux-x86_64-fedora-gcc 0.0-5 83.72 OK
r-devel-windows-x86_64 0.0-5 10.00 63.00 73.00 OK
r-devel-windows-x86_64-gcc10-UCRT 0.0-5 ERROR
r-patched-linux-x86_64 0.0-5 7.96 62.05 70.01 OK
r-patched-solaris-x86 0.0-5 129.70 OK
r-release-linux-x86_64 0.0-5 7.87 62.30 70.17 OK
r-release-macos-arm64 0.0-5 OK
r-release-macos-x86_64 0.0-5 OK
r-release-windows-ix86+x86_64 0.0-5 20.00 64.00 84.00 OK
r-oldrel-macos-x86_64 0.0-5 OK
r-oldrel-windows-ix86+x86_64 0.0-5 20.00 62.00 82.00 OK

Check Details

Version: 0.0-5
Check: whether package can be installed
Result: WARN
    Found the following significant warnings:
     WARNING: installation-time patches will not be applied, could not get the patches index
Flavor: r-devel-windows-x86_64-gcc10-UCRT

Version: 0.0-5
Check: PDF version of manual
Result: WARN
    LaTeX errors when creating PDF version.
    This typically indicates Rd problems.
Flavor: r-devel-windows-x86_64-gcc10-UCRT

Version: 0.0-5
Check: PDF version of manual without hyperrefs or index
Result: ERROR
    Re-running with no redirection of stdout/stderr.
Flavor: r-devel-windows-x86_64-gcc10-UCRT