Last updated on 2023-06-09 00:54:29 CEST.
Flavor | Version | Tinstall | Tcheck | Ttotal | Status | Flags |
---|---|---|---|---|---|---|
r-devel-linux-x86_64-debian-clang | 1.3.2 | 13.76 | 139.02 | 152.78 | OK | |
r-devel-linux-x86_64-debian-gcc | 1.3.2 | 12.35 | 103.40 | 115.75 | OK | |
r-devel-linux-x86_64-fedora-clang | 1.3.2 | 200.72 | OK | |||
r-devel-linux-x86_64-fedora-gcc | 1.3.2 | 209.10 | OK | |||
r-devel-windows-x86_64 | 1.3.2 | 15.00 | 183.00 | 198.00 | OK | |
r-patched-linux-x86_64 | 1.3.2 | 20.61 | 131.23 | 151.84 | OK | |
r-release-linux-x86_64 | 1.3.2 | 14.77 | 129.65 | 144.42 | OK | |
r-release-macos-arm64 | 1.3.2 | 104.00 | NOTE | |||
r-release-macos-x86_64 | 1.3.2 | 197.00 | NOTE | |||
r-release-windows-x86_64 | 1.3.2 | 18.00 | 217.00 | 235.00 | OK | |
r-oldrel-macos-arm64 | 1.3.2 | 97.00 | NOTE | |||
r-oldrel-macos-x86_64 | 1.3.2 | 126.00 | NOTE | |||
r-oldrel-windows-x86_64 | 1.3.2 | 19.00 | 219.00 | 238.00 | OK |
Version: 1.3.2
Check: package dependencies
Result: NOTE
Package suggested but not available for checking: ‘ptmixed’
Flavors: r-release-macos-arm64, r-release-macos-x86_64, r-oldrel-macos-arm64, r-oldrel-macos-x86_64