CRAN Package Check Results for Package penMSM

Last updated on 2024-06-21 00:57:18 CEST.

Flavor Version Tinstall Tcheck Ttotal Status Flags
r-devel-linux-x86_64-debian-clang 0.99 21.36 30.23 51.59 OK
r-devel-linux-x86_64-debian-gcc 0.99 13.32 22.98 36.30 OK
r-devel-linux-x86_64-fedora-clang 0.99 70.79 NOTE
r-devel-linux-x86_64-fedora-gcc 0.99 65.79 NOTE
r-devel-windows-x86_64 0.99 18.00 68.00 86.00 OK
r-patched-linux-x86_64 0.99 16.42 29.63 46.05 OK
r-release-linux-x86_64 0.99 16.53 29.79 46.32 OK
r-release-macos-arm64 0.99 20.00 OK
r-release-macos-x86_64 0.99 30.00 OK
r-release-windows-x86_64 0.99 16.00 65.00 81.00 OK
r-oldrel-macos-arm64 0.99 21.00 OK
r-oldrel-macos-x86_64 0.99 35.00 OK
r-oldrel-windows-x86_64 0.99 20.00 71.00 91.00 OK

Check Details

Version: 0.99
Check: compiled code
Result: NOTE File ‘penMSM/libs/penMSM.so’: Found no calls to: ‘R_registerRoutines’, ‘R_useDynamicSymbols’ It is good practice to register native routines and to disable symbol search. See ‘Writing portable packages’ in the ‘Writing R Extensions’ manual. Flavors: r-devel-linux-x86_64-fedora-clang, r-devel-linux-x86_64-fedora-gcc