CRAN Package Check Results for Package pegas

Last updated on 2021-07-28 23:51:13 CEST.

Flavor Version Tinstall Tcheck Ttotal Status Flags
r-devel-linux-x86_64-debian-clang 1.0-1 OK
r-devel-linux-x86_64-debian-gcc 1.0-1 21.82 185.43 207.25 OK
r-devel-linux-x86_64-fedora-clang 1.0-1 337.02 OK
r-devel-linux-x86_64-fedora-gcc 1.0-1 322.53 OK
r-devel-windows-x86_64 1.0-1 34.00 285.00 319.00 OK
r-devel-windows-x86_64-gcc10-UCRT 1.0-1 OK
r-patched-linux-x86_64 1.0-1 33.51 233.36 266.87 OK
r-patched-solaris-x86 1.0-1 453.50 OK
r-release-linux-x86_64 1.0-1 24.82 234.72 259.54 OK
r-release-macos-arm64 1.0-1 NOTE
r-release-macos-x86_64 1.0-1 OK
r-release-windows-ix86+x86_64 1.0-1 64.00 271.00 335.00 OK
r-oldrel-macos-x86_64 1.0-1 OK
r-oldrel-windows-ix86+x86_64 1.0-1 44.00 378.00 422.00 OK

Check Details

Version: 1.0-1
Check: package dependencies
Result: NOTE
    Package suggested but not available for checking: ‘snpStats’
Flavor: r-release-macos-arm64