CRAN Package Check Results for Package pedometrics

Last updated on 2021-09-19 23:50:24 CEST.

Flavor Version Tinstall Tcheck Ttotal Status Flags
r-devel-linux-x86_64-debian-clang 0.7.0 20.67 55.33 76.00 OK
r-devel-linux-x86_64-debian-gcc 0.7.0 13.58 41.88 55.46 OK
r-devel-linux-x86_64-fedora-clang 0.7.0 106.25 NOTE
r-devel-linux-x86_64-fedora-gcc 0.7.0 95.55 OK
r-devel-windows-x86_64 0.7.0 20.00 66.00 86.00 OK
r-devel-windows-x86_64-gcc10-UCRT 0.7.0 ERROR
r-patched-linux-x86_64 0.7.0 18.85 52.11 70.96 OK
r-patched-solaris-x86 0.7.0 114.20 OK
r-release-linux-x86_64 0.7.0 15.18 52.11 67.29 OK
r-release-macos-arm64 0.7.0 OK
r-release-macos-x86_64 0.7.0 OK
r-release-windows-ix86+x86_64 0.7.0 48.00 81.00 129.00 OK
r-oldrel-macos-x86_64 0.7.0 OK
r-oldrel-windows-ix86+x86_64 0.7.0 47.00 84.00 131.00 OK

Check Details

Version: 0.7.0
Check: Rd cross-references
Result: NOTE
    Undeclared packages ‘Hmisc’, ‘vcd’, ‘VecStatGraphs2D’, ‘mvtsplot’, ‘matrixStats’, ‘RandomFields’, ‘automap’, ‘spsann’ in Rd xrefs
Flavor: r-devel-linux-x86_64-fedora-clang

Version: 0.7.0
Check: whether package can be installed
Result: ERROR
    Installation failed.
Flavor: r-devel-windows-x86_64-gcc10-UCRT