CRAN Package Check Results for Package pedmod

Last updated on 2022-08-08 23:53:03 CEST.

Flavor Version Tinstall Tcheck Ttotal Status Flags
r-devel-linux-x86_64-debian-clang 0.2.3 186.29 95.31 281.60 OK
r-devel-linux-x86_64-debian-gcc 0.2.3 147.36 72.69 220.05 OK
r-devel-linux-x86_64-fedora-clang 0.2.3 404.88 NOTE
r-devel-linux-x86_64-fedora-gcc 0.2.3 377.53 OK
r-devel-windows-x86_64 0.2.3 171.00 178.00 349.00 NOTE
r-patched-linux-x86_64 0.2.3 132.64 94.44 227.08 OK
r-release-linux-x86_64 0.2.3 OK
r-release-macos-arm64 0.2.3 100.00 NOTE
r-release-macos-x86_64 0.2.3 117.00 NOTE
r-release-windows-x86_64 0.2.3 281.00 179.00 460.00 NOTE
r-oldrel-macos-arm64 0.2.3 91.00 NOTE
r-oldrel-macos-x86_64 0.2.3 119.00 NOTE
r-oldrel-windows-ix86+x86_64 0.2.3 405.00 260.00 665.00 NOTE

Check Details

Version: 0.2.3
Check: installed package size
Result: NOTE
     installed size is 6.0Mb
     sub-directories of 1Mb or more:
     doc 4.0Mb
     libs 1.8Mb
Flavors: r-devel-linux-x86_64-fedora-clang, r-devel-windows-x86_64, r-release-macos-arm64, r-release-macos-x86_64, r-release-windows-x86_64, r-oldrel-macos-arm64, r-oldrel-macos-x86_64, r-oldrel-windows-ix86+x86_64