CRAN Package Check Results for Package pdfCluster

Last updated on 2021-11-28 23:50:35 CET.

Flavor Version Tinstall Tcheck Ttotal Status Flags
r-devel-linux-x86_64-debian-clang 1.0-3 OK
r-devel-linux-x86_64-debian-gcc 1.0-3 6.41 41.69 48.10 OK
r-devel-linux-x86_64-fedora-clang 1.0-3 84.79 NOTE
r-devel-linux-x86_64-fedora-gcc 1.0-3 72.70 OK
r-devel-windows-x86_64-new-UL 1.0-3 25.00 102.00 127.00 OK
r-devel-windows-x86_64-new-TK 1.0-3 OK
r-devel-windows-x86_64-old 1.0-3 13.00 82.00 95.00 OK
r-patched-linux-x86_64 1.0-3 7.99 49.20 57.19 OK
r-patched-solaris-x86 1.0-3 104.00 OK
r-release-linux-x86_64 1.0-3 6.62 49.60 56.22 OK
r-release-macos-arm64 1.0-3 OK
r-release-macos-x86_64 1.0-3 OK
r-release-windows-ix86+x86_64 1.0-3 22.00 81.00 103.00 OK
r-oldrel-macos-x86_64 1.0-3 OK
r-oldrel-windows-ix86+x86_64 1.0-3 16.00 107.00 123.00 OK

Check Details

Version: 1.0-3
Check: Rd cross-references
Result: NOTE
    Undeclared packages ‘sm’, ‘spdep’ in Rd xrefs
Flavor: r-devel-linux-x86_64-fedora-clang