Last updated on 2023-01-30 00:31:19 CET.
Flavor | Version | Tinstall | Tcheck | Ttotal | Status | Flags |
---|---|---|---|---|---|---|
r-devel-linux-x86_64-debian-clang | 1.0-2 | 47.34 | 90.75 | 138.09 | OK | |
r-devel-linux-x86_64-debian-gcc | 1.0-2 | 37.81 | 66.84 | 104.65 | NOTE | |
r-devel-linux-x86_64-fedora-clang | 1.0-2 | 184.44 | NOTE | |||
r-devel-linux-x86_64-fedora-gcc | 1.0-2 | 183.21 | NOTE | |||
r-devel-windows-x86_64 | 1.0-2 | 49.00 | 130.00 | 179.00 | NOTE | |
r-patched-linux-x86_64 | 1.0-2 | 44.70 | 83.67 | 128.37 | OK | |
r-release-linux-x86_64 | 1.0-2 | 41.88 | 85.36 | 127.24 | OK | |
r-release-macos-arm64 | 1.0-2 | 49.00 | OK | |||
r-release-macos-x86_64 | 1.0-2 | 62.00 | OK | |||
r-release-windows-x86_64 | 1.0-2 | 46.00 | 127.00 | 173.00 | OK | |
r-oldrel-macos-arm64 | 1.0-2 | 49.00 | OK | |||
r-oldrel-macos-x86_64 | 1.0-2 | 81.00 | OK | |||
r-oldrel-windows-ix86+x86_64 | 1.0-2 | 111.00 | 155.00 | 266.00 | OK |
Version: 1.0-2
Check: C++ specification
Result: NOTE
Specified C++11: please update to current default of C++17
Flavors: r-devel-linux-x86_64-debian-gcc, r-devel-linux-x86_64-fedora-clang, r-devel-linux-x86_64-fedora-gcc, r-devel-windows-x86_64