CRAN Package Check Results for Package pdR

Last updated on 2021-09-23 23:50:15 CEST.

Flavor Version Tinstall Tcheck Ttotal Status Flags
r-devel-linux-x86_64-debian-clang 1.7 10.75 78.33 89.08 OK
r-devel-linux-x86_64-debian-gcc 1.7 8.50 104.07 112.57 OK
r-devel-linux-x86_64-fedora-clang 1.7 194.27 NOTE
r-devel-linux-x86_64-fedora-gcc 1.7 184.76 NOTE
r-devel-windows-x86_64 1.7 13.00 70.00 83.00 OK
r-devel-windows-x86_64-gcc10-UCRT 1.7 NOTE
r-patched-linux-x86_64 1.7 10.99 75.85 86.84 OK
r-patched-solaris-x86 1.7 240.40 NOTE
r-release-linux-x86_64 1.7 11.21 128.64 139.85 OK
r-release-macos-arm64 1.7 NOTE
r-release-macos-x86_64 1.7 NOTE
r-release-windows-ix86+x86_64 1.7 21.00 73.00 94.00 OK
r-oldrel-macos-x86_64 1.7 NOTE
r-oldrel-windows-ix86+x86_64 1.7 13.00 68.00 81.00 OK

Check Details

Version: 1.7
Check: dependencies in R code
Result: NOTE
    Namespaces in Imports field not imported from:
     ‘car’ ‘sandwich’
     All declared Imports should be used.
Flavors: r-devel-linux-x86_64-fedora-clang, r-devel-linux-x86_64-fedora-gcc, r-devel-windows-x86_64-gcc10-UCRT, r-patched-solaris-x86, r-release-macos-arm64, r-release-macos-x86_64, r-oldrel-macos-x86_64