CRAN Package Check Results for Package pcaBootPlot

Last updated on 2021-10-19 23:53:04 CEST.

Flavor Version Tinstall Tcheck Ttotal Status Flags
r-devel-linux-x86_64-debian-clang 0.2.0 2.59 26.67 29.26 NOTE
r-devel-linux-x86_64-debian-gcc 0.2.0 2.16 20.56 22.72 NOTE
r-devel-linux-x86_64-fedora-clang 0.2.0 47.69 NOTE
r-devel-linux-x86_64-fedora-gcc 0.2.0 34.66 NOTE
r-devel-windows-x86_64 0.2.0 5.00 51.00 56.00 NOTE
r-devel-windows-x86_64-gcc10-UCRT 0.2.0 NOTE
r-patched-linux-x86_64 0.2.0 2.55 24.39 26.94 NOTE
r-patched-solaris-x86 0.2.0 55.40 NOTE
r-release-linux-x86_64 0.2.0 2.69 24.88 27.57 NOTE
r-release-macos-arm64 0.2.0 NOTE
r-release-macos-x86_64 0.2.0 NOTE
r-release-windows-ix86+x86_64 0.2.0 11.00 46.00 57.00 NOTE
r-oldrel-macos-x86_64 0.2.0 NOTE
r-oldrel-windows-ix86+x86_64 0.2.0 10.00 50.00 60.00 NOTE

Check Details

Version: 0.2.0
Check: R code for possible problems
Result: NOTE
    draw.pcaBootPlot: no visible global function definition for 'grid'
    draw.pcaBootPlot: no visible global function definition for 'points'
    draw.pcaBootPlot: no visible global function definition for 'symbols'
    draw.pcaBootPlot: no visible global function definition for 'legend'
    pcaBootPlot: no visible global function definition for 'prcomp'
    pcaBootPlot: no visible global function definition for 'cor'
    pcaBootPlot: no visible global function definition for 'quantile'
    pcaBootPlot: no visible global function definition for 'pdf'
    pcaBootPlot: no visible global function definition for 'dev.off'
    Undefined global functions or variables:
     cor dev.off grid legend pdf points prcomp quantile symbols
    Consider adding
     importFrom("grDevices", "dev.off", "pdf")
     importFrom("graphics", "grid", "legend", "points", "symbols")
     importFrom("stats", "cor", "prcomp", "quantile")
    to your NAMESPACE file.
Flavors: r-devel-linux-x86_64-debian-clang, r-devel-linux-x86_64-debian-gcc, r-devel-linux-x86_64-fedora-clang, r-devel-linux-x86_64-fedora-gcc, r-devel-windows-x86_64, r-devel-windows-x86_64-gcc10-UCRT, r-patched-linux-x86_64, r-patched-solaris-x86, r-release-linux-x86_64, r-release-macos-arm64, r-release-macos-x86_64, r-release-windows-ix86+x86_64, r-oldrel-macos-x86_64, r-oldrel-windows-ix86+x86_64

Version: 0.2.0
Check: LazyData
Result: NOTE
     'LazyData' is specified without a 'data' directory
Flavors: r-devel-linux-x86_64-debian-clang, r-devel-linux-x86_64-debian-gcc, r-devel-linux-x86_64-fedora-clang, r-devel-linux-x86_64-fedora-gcc, r-devel-windows-x86_64, r-devel-windows-x86_64-gcc10-UCRT, r-patched-linux-x86_64, r-patched-solaris-x86, r-release-linux-x86_64, r-release-macos-arm64, r-release-macos-x86_64, r-release-windows-ix86+x86_64