CRAN Package Check Results for Package pbmcapply

Last updated on 2021-05-06 23:49:40 CEST.

Flavor Version Tinstall Tcheck Ttotal Status Flags
r-devel-linux-x86_64-debian-clang 1.5.0 2.94 22.71 25.65 NOTE
r-devel-linux-x86_64-debian-gcc 1.5.0 2.21 18.14 20.35 NOTE
r-devel-linux-x86_64-fedora-clang 1.5.0 41.43 NOTE
r-devel-linux-x86_64-fedora-gcc 1.5.0 30.57 NOTE
r-devel-windows-ix86+x86_64 1.5.0 6.00 51.00 57.00 NOTE
r-devel-windows-x86_64-gcc10-UCRT 1.5.0 NOTE
r-patched-linux-x86_64 1.5.0 2.62 22.27 24.89 NOTE
r-patched-solaris-x86 1.5.0 49.90 OK
r-release-linux-x86_64 1.5.0 2.73 22.03 24.76 OK
r-release-macos-x86_64 1.5.0 OK
r-release-windows-ix86+x86_64 1.5.0 7.00 41.00 48.00 OK
r-oldrel-macos-x86_64 1.5.0 OK
r-oldrel-windows-ix86+x86_64 1.5.0 7.00 43.00 50.00 OK

Check Details

Version: 1.5.0
Check: LazyData
Result: NOTE
     'LazyData' is specified without a 'data' directory
Flavors: r-devel-linux-x86_64-debian-clang, r-devel-linux-x86_64-debian-gcc, r-devel-linux-x86_64-fedora-clang, r-devel-linux-x86_64-fedora-gcc, r-devel-windows-ix86+x86_64, r-devel-windows-x86_64-gcc10-UCRT, r-patched-linux-x86_64