CRAN Package Check Results for Package pbkrtest

Last updated on 2021-09-18 23:50:01 CEST.

Flavor Version Tinstall Tcheck Ttotal Status Flags
r-devel-linux-x86_64-debian-clang 0.5.1 12.78 182.86 195.64 OK
r-devel-linux-x86_64-debian-gcc 0.5.1 10.07 132.43 142.50 OK
r-devel-linux-x86_64-fedora-clang 0.5.1 235.13 NOTE
r-devel-linux-x86_64-fedora-gcc 0.5.1 220.80 NOTE
r-devel-windows-x86_64 0.5.1 15.00 207.00 222.00 OK
r-devel-windows-x86_64-gcc10-UCRT 0.5.1 NOTE
r-patched-linux-x86_64 0.5.1 16.42 175.89 192.31 OK
r-patched-solaris-x86 0.5.1 303.50 NOTE
r-release-linux-x86_64 0.5.1 11.06 175.17 186.23 OK
r-release-macos-arm64 0.5.1 NOTE
r-release-macos-x86_64 0.5.1 NOTE
r-release-windows-ix86+x86_64 0.5.1 28.00 163.00 191.00 OK
r-oldrel-macos-x86_64 0.5.1 NOTE
r-oldrel-windows-ix86+x86_64 0.5.1 29.00 165.00 194.00 OK

Check Details

Version: 0.5.1
Check: dependencies in R code
Result: NOTE
    Namespace in Imports field not imported from: ‘knitr’
     All declared Imports should be used.
Flavors: r-devel-linux-x86_64-fedora-clang, r-devel-linux-x86_64-fedora-gcc, r-devel-windows-x86_64-gcc10-UCRT, r-patched-solaris-x86, r-release-macos-arm64, r-release-macos-x86_64, r-oldrel-macos-x86_64