CRAN Package Check Results for Package pbdMPI

Last updated on 2022-06-28 23:54:11 CEST.

Flavor Version Tinstall Tcheck Ttotal Status Flags
r-devel-linux-x86_64-debian-clang 0.4-4 19.53 85.90 105.43 OK
r-devel-linux-x86_64-debian-gcc 0.4-4 14.40 67.50 81.90 OK
r-devel-linux-x86_64-fedora-clang 0.4-4 143.09 OK
r-devel-linux-x86_64-fedora-gcc 0.4-4 141.35 OK
r-devel-windows-x86_64 0.4-4 333.00 163.00 496.00 OK
r-patched-linux-x86_64 0.4-4 17.31 81.54 98.85 OK
r-release-linux-x86_64 0.4-4 16.98 84.15 101.13 OK
r-release-macos-arm64 0.4-4 10.00 ERROR
r-release-macos-x86_64 0.4-4 13.00 ERROR
r-release-windows-x86_64 0.4-4 112.00 157.00 269.00 OK
r-oldrel-macos-arm64 0.4-4 12.00 ERROR
r-oldrel-macos-x86_64 0.4-4 13.00 ERROR
r-oldrel-windows-ix86+x86_64 0.4-4 56.00 113.00 169.00 OK

Check Details

Version: 0.4-4
Check: whether package can be installed
Result: ERROR
    Installation failed.
Flavors: r-release-macos-arm64, r-release-macos-x86_64, r-oldrel-macos-arm64, r-oldrel-macos-x86_64