CRAN Package Check Results for Package paws.networking

Last updated on 2025-01-17 00:49:13 CET.

Flavor Version Tinstall Tcheck Ttotal Status Flags
r-devel-linux-x86_64-debian-clang 0.7.0 91.18 203.54 294.72 OK
r-devel-linux-x86_64-debian-gcc 0.7.0 54.77 138.73 193.50 OK
r-devel-linux-x86_64-fedora-clang 0.7.0 466.88 OK
r-devel-linux-x86_64-fedora-gcc 0.7.0 462.17 OK
r-devel-windows-x86_64 0.7.0 88.00 432.00 520.00 OK
r-patched-linux-x86_64 0.7.0 102.27 189.48 291.75 OK
r-release-linux-x86_64 0.7.0 78.01 186.46 264.47 OK
r-release-macos-arm64 0.7.0 117.00 NOTE
r-release-macos-x86_64 0.7.0 231.00 OK
r-release-windows-x86_64 0.7.0 87.00 417.00 504.00 OK
r-oldrel-macos-arm64 0.7.0 116.00 OK
r-oldrel-macos-x86_64 0.7.0 231.00 OK
r-oldrel-windows-x86_64 0.7.0 109.00 519.00 628.00 OK

Check Details

Version: 0.7.0
Check: installed package size
Result: NOTE installed size is 5.3Mb sub-directories of 1Mb or more: R 2.0Mb help 3.1Mb Flavor: r-release-macos-arm64