Last updated on 2023-05-30 00:59:52 CEST.
Flavor | Version | Tinstall | Tcheck | Ttotal | Status | Flags |
---|---|---|---|---|---|---|
r-devel-linux-x86_64-debian-clang | 1.1.7 | 6.69 | 152.51 | 159.20 | NOTE | |
r-devel-linux-x86_64-debian-gcc | 1.1.7 | 5.12 | 117.06 | 122.18 | NOTE | |
r-devel-linux-x86_64-fedora-clang | 1.1.7 | 197.72 | NOTE | |||
r-devel-linux-x86_64-fedora-gcc | 1.1.7 | 196.85 | NOTE | |||
r-devel-windows-x86_64 | 1.1.7 | 7.00 | 135.00 | 142.00 | NOTE | |
r-patched-linux-x86_64 | 1.1.7 | 6.44 | 147.12 | 153.56 | NOTE | |
r-release-linux-x86_64 | 1.1.7 | 4.69 | 147.21 | 151.90 | NOTE | |
r-release-macos-arm64 | 1.1.7 | 65.00 | NOTE | |||
r-release-macos-x86_64 | 1.1.7 | 99.00 | NOTE | |||
r-release-windows-x86_64 | 1.1.7 | 9.00 | 177.00 | 186.00 | OK | |
r-oldrel-macos-arm64 | 1.1.7 | 70.00 | OK | |||
r-oldrel-macos-x86_64 | 1.1.7 | 105.00 | OK | |||
r-oldrel-windows-x86_64 | 1.1.7 | 9.00 | 167.00 | 176.00 | OK |
Version: 1.1.7
Check: package dependencies
Result: NOTE
Package suggested but not available for checking: ‘anomalize’
Flavors: r-devel-linux-x86_64-debian-clang, r-devel-linux-x86_64-debian-gcc, r-devel-linux-x86_64-fedora-clang, r-devel-linux-x86_64-fedora-gcc, r-devel-windows-x86_64, r-patched-linux-x86_64, r-release-linux-x86_64, r-release-macos-arm64, r-release-macos-x86_64