CRAN Package Check Results for Package parzer

Last updated on 2024-06-22 00:58:04 CEST.

Flavor Version Tinstall Tcheck Ttotal Status Flags
r-devel-linux-x86_64-debian-clang 0.4.1 73.27 37.90 111.17 NOTE
r-devel-linux-x86_64-debian-gcc 0.4.1 50.81 28.60 79.41 NOTE
r-devel-linux-x86_64-fedora-clang 0.4.1 152.62 NOTE
r-devel-linux-x86_64-fedora-gcc 0.4.1 175.51 NOTE
r-devel-windows-x86_64 0.4.1 51.00 68.00 119.00 NOTE
r-patched-linux-x86_64 0.4.1 62.27 36.65 98.92 NOTE
r-release-linux-x86_64 0.4.1 64.59 36.37 100.96 NOTE
r-release-macos-arm64 0.4.1 39.00 NOTE
r-release-macos-x86_64 0.4.1 49.00 NOTE
r-release-windows-x86_64 0.4.1 55.00 71.00 126.00 NOTE
r-oldrel-macos-arm64 0.4.1 45.00 NOTE
r-oldrel-macos-x86_64 0.4.1 75.00 NOTE
r-oldrel-windows-x86_64 0.4.1 57.00 81.00 138.00 NOTE

Check Details

Version: 0.4.1
Check: C++ specification
Result: NOTE Specified C++11: please drop specification unless essential Flavors: r-devel-linux-x86_64-debian-clang, r-devel-linux-x86_64-debian-gcc, r-devel-linux-x86_64-fedora-clang, r-devel-linux-x86_64-fedora-gcc, r-devel-windows-x86_64, r-patched-linux-x86_64, r-release-linux-x86_64, r-release-macos-arm64, r-release-macos-x86_64, r-release-windows-x86_64, r-oldrel-macos-arm64, r-oldrel-macos-x86_64, r-oldrel-windows-x86_64