CRAN Package Check Results for Package partykit

Last updated on 2021-10-16 23:49:31 CEST.

Flavor Version Tinstall Tcheck Ttotal Status Flags
r-devel-linux-x86_64-debian-clang 1.2-15 16.92 339.42 356.34 OK
r-devel-linux-x86_64-debian-gcc 1.2-15 12.85 258.14 270.99 OK
r-devel-linux-x86_64-fedora-clang 1.2-15 448.72 OK
r-devel-linux-x86_64-fedora-gcc 1.2-15 430.49 OK
r-devel-windows-x86_64 1.2-15 24.00 302.00 326.00 OK
r-devel-windows-x86_64-gcc10-UCRT 1.2-15 OK
r-patched-linux-x86_64 1.2-15 16.27 341.08 357.35 OK
r-patched-solaris-x86 1.2-15 617.50 NOTE
r-release-linux-x86_64 1.2-15 13.53 340.65 354.18 OK
r-release-macos-arm64 1.2-15 OK
r-release-macos-x86_64 1.2-15 OK
r-release-windows-ix86+x86_64 1.2-15 25.00 576.00 601.00 OK
r-oldrel-macos-x86_64 1.2-15 OK
r-oldrel-windows-ix86+x86_64 1.2-15 35.00 619.00 654.00 OK

Check Details

Version: 1.2-15
Check: package dependencies
Result: NOTE
    Package suggested but not available for checking: ‘RWeka’
Flavor: r-patched-solaris-x86