Last updated on 2023-06-07 01:03:32 CEST.
Flavor | Version | Tinstall | Tcheck | Ttotal | Status | Flags |
---|---|---|---|---|---|---|
r-devel-linux-x86_64-debian-clang | 0.9.1 | 4.80 | 209.53 | 214.33 | OK | |
r-devel-linux-x86_64-debian-gcc | 0.9.1 | 4.17 | 155.86 | 160.03 | OK | |
r-devel-linux-x86_64-fedora-clang | 0.9.1 | 256.62 | NOTE | |||
r-devel-linux-x86_64-fedora-gcc | 0.9.1 | 259.99 | NOTE | |||
r-devel-windows-x86_64 | 0.9.1 | 6.00 | 175.00 | 181.00 | OK | |
r-patched-linux-x86_64 | 0.9.1 | 4.12 | 198.63 | 202.75 | OK | |
r-release-linux-x86_64 | 0.9.1 | 3.96 | 201.51 | 205.47 | OK | |
r-release-macos-arm64 | 0.9.1 | 78.00 | OK | |||
r-release-macos-x86_64 | 0.9.1 | 133.00 | OK | |||
r-release-windows-x86_64 | 0.9.1 | 7.00 | 217.00 | 224.00 | OK | |
r-oldrel-macos-arm64 | 0.9.1 | 60.00 | NOTE | |||
r-oldrel-macos-x86_64 | 0.9.1 | 108.00 | NOTE | |||
r-oldrel-windows-x86_64 | 0.9.1 | 7.00 | 220.00 | 227.00 | OK |
Version: 0.9.1
Check: dependencies in R code
Result: NOTE
Namespace in Imports field not imported from: ‘methods’
All declared Imports should be used.
Flavors: r-devel-linux-x86_64-fedora-clang, r-devel-linux-x86_64-fedora-gcc, r-oldrel-macos-arm64, r-oldrel-macos-x86_64