CRAN Package Check Results for Package parsnip

Last updated on 2021-10-16 23:49:31 CEST.

Flavor Version Tinstall Tcheck Ttotal Status Flags
r-devel-linux-x86_64-debian-clang 0.1.7 16.55 199.32 215.87 OK
r-devel-linux-x86_64-debian-gcc 0.1.7 12.54 157.82 170.36 OK
r-devel-linux-x86_64-fedora-clang 0.1.7 262.18 NOTE
r-devel-linux-x86_64-fedora-gcc 0.1.7 262.67 OK
r-devel-windows-x86_64 0.1.7 24.00 182.00 206.00 OK
r-devel-windows-x86_64-gcc10-UCRT 0.1.7 OK
r-patched-linux-x86_64 0.1.7 20.29 189.91 210.20 OK
r-patched-solaris-x86 0.1.7 357.10 OK
r-release-linux-x86_64 0.1.7 14.74 187.88 202.62 OK
r-release-macos-arm64 0.1.7 OK
r-release-macos-x86_64 0.1.7 OK
r-release-windows-ix86+x86_64 0.1.7 20.00 231.00 251.00 OK
r-oldrel-macos-x86_64 0.1.7 OK
r-oldrel-windows-ix86+x86_64 0.1.7 30.00 245.00 275.00 OK

Check Details

Version: 0.1.7
Check: Rd cross-references
Result: NOTE
    Undeclared packages ‘glmnet’, ‘rstan’, ‘rstanarm’, ‘discrim’, ‘devtools’, ‘broom’ in Rd xrefs
Flavor: r-devel-linux-x86_64-fedora-clang