Last updated on 2022-07-05 23:55:47 CEST.
Flavor | Version | Tinstall | Tcheck | Ttotal | Status | Flags |
---|---|---|---|---|---|---|
r-devel-linux-x86_64-debian-clang | 0.1.2 | 54.86 | 66.56 | 121.42 | OK | |
r-devel-linux-x86_64-debian-gcc | 0.1.2 | 41.18 | 49.44 | 90.62 | OK | |
r-devel-linux-x86_64-fedora-clang | 0.1.2 | 166.68 | NOTE | |||
r-devel-linux-x86_64-fedora-gcc | 0.1.2 | 151.42 | OK | |||
r-devel-windows-x86_64 | 0.1.2 | 243.00 | 113.00 | 356.00 | OK | |
r-patched-linux-x86_64 | 0.1.2 | 49.47 | 63.34 | 112.81 | OK | |
r-release-linux-x86_64 | 0.1.2 | 42.34 | 62.31 | 104.65 | OK | |
r-release-macos-arm64 | 0.1.2 | 43.00 | NOTE | |||
r-release-macos-x86_64 | 0.1.2 | 97.00 | NOTE | |||
r-release-windows-x86_64 | 0.1.2 | 156.00 | 126.00 | 282.00 | OK | |
r-oldrel-macos-arm64 | 0.1.2 | 68.00 | NOTE | |||
r-oldrel-macos-x86_64 | 0.1.2 | 93.00 | NOTE | |||
r-oldrel-windows-ix86+x86_64 | 0.1.2 | 113.00 | 120.00 | 233.00 | OK |
Version: 0.1.2
Check: installed package size
Result: NOTE
installed size is 5.9Mb
sub-directories of 1Mb or more:
libs 5.4Mb
Flavors: r-devel-linux-x86_64-fedora-clang, r-release-macos-arm64, r-release-macos-x86_64, r-oldrel-macos-arm64, r-oldrel-macos-x86_64