CRAN Package Check Results for Package parSim

Last updated on 2021-10-18 23:49:40 CEST.

Flavor Version Tinstall Tcheck Ttotal Status Flags
r-devel-linux-x86_64-debian-clang 0.1.4 3.56 44.79 48.35 OK
r-devel-linux-x86_64-debian-gcc 0.1.4 3.20 33.71 36.91 OK
r-devel-linux-x86_64-fedora-clang 0.1.4 68.52 NOTE
r-devel-linux-x86_64-fedora-gcc 0.1.4 55.30 NOTE
r-devel-windows-x86_64 0.1.4 7.00 71.00 78.00 OK
r-devel-windows-x86_64-gcc10-UCRT 0.1.4 NOTE
r-patched-linux-x86_64 0.1.4 3.92 42.87 46.79 OK
r-patched-solaris-x86 0.1.4 81.90 NOTE
r-release-linux-x86_64 0.1.4 3.76 42.59 46.35 OK
r-release-macos-arm64 0.1.4 NOTE
r-release-macos-x86_64 0.1.4 NOTE
r-release-windows-ix86+x86_64 0.1.4 10.00 64.00 74.00 OK
r-oldrel-macos-x86_64 0.1.4 NOTE
r-oldrel-windows-ix86+x86_64 0.1.4 10.00 70.00 80.00 OK

Check Details

Version: 0.1.4
Check: dependencies in R code
Result: NOTE
    Namespace in Imports field not imported from: ‘parallel’
     All declared Imports should be used.
Flavors: r-devel-linux-x86_64-fedora-clang, r-devel-linux-x86_64-fedora-gcc, r-devel-windows-x86_64-gcc10-UCRT, r-patched-solaris-x86, r-release-macos-arm64, r-release-macos-x86_64, r-oldrel-macos-x86_64