CRAN Package Check Results for Package panelr

Last updated on 2021-09-18 23:50:00 CEST.

Flavor Version Tinstall Tcheck Ttotal Status Flags
r-devel-linux-x86_64-debian-clang 0.7.5 16.29 381.33 397.62 OK
r-devel-linux-x86_64-debian-gcc 0.7.5 14.54 274.18 288.72 OK
r-devel-linux-x86_64-fedora-clang 0.7.5 461.89 NOTE
r-devel-linux-x86_64-fedora-gcc 0.7.5 454.28 OK
r-devel-windows-x86_64 0.7.5 23.00 372.00 395.00 OK
r-devel-windows-x86_64-gcc10-UCRT 0.7.5 OK
r-patched-linux-x86_64 0.7.5 19.13 366.17 385.30 OK
r-patched-solaris-x86 0.7.5 564.70 OK
r-release-linux-x86_64 0.7.5 19.68 360.28 379.96 OK
r-release-macos-arm64 0.7.5 OK
r-release-macos-x86_64 0.7.5 OK
r-release-windows-ix86+x86_64 0.7.5 36.00 316.00 352.00 OK
r-oldrel-macos-x86_64 0.7.5 OK
r-oldrel-windows-ix86+x86_64 0.7.5 36.00 337.00 373.00 OK

Check Details

Version: 0.7.5
Check: Rd cross-references
Result: NOTE
    Undeclared package ‘AER’ in Rd xrefs
Flavor: r-devel-linux-x86_64-fedora-clang