CRAN Package Check Results for Package panelAR

Last updated on 2021-09-19 23:50:23 CEST.

Flavor Version Tinstall Tcheck Ttotal Status Flags
r-devel-linux-x86_64-debian-clang 0.1 5.91 51.84 57.75 NOTE
r-devel-linux-x86_64-debian-gcc 0.1 4.69 39.59 44.28 NOTE
r-devel-linux-x86_64-fedora-clang 0.1 78.34 NOTE
r-devel-linux-x86_64-fedora-gcc 0.1 65.14 NOTE
r-devel-windows-x86_64 0.1 8.00 58.00 66.00 NOTE
r-devel-windows-x86_64-gcc10-UCRT 0.1 ERROR
r-patched-linux-x86_64 0.1 5.87 49.07 54.94 NOTE
r-patched-solaris-x86 0.1 105.80 NOTE
r-release-linux-x86_64 0.1 4.75 48.50 53.25 NOTE
r-release-macos-arm64 0.1 NOTE
r-release-macos-x86_64 0.1 NOTE
r-release-windows-ix86+x86_64 0.1 15.00 56.00 71.00 NOTE
r-oldrel-macos-x86_64 0.1 NOTE
r-oldrel-windows-ix86+x86_64 0.1 14.00 55.00 69.00 NOTE

Check Details

Version: 0.1
Check: R code for possible problems
Result: NOTE
    est.rho: no visible global function definition for 'embed'
    est.rho: no visible global function definition for 'na.omit'
    gls: no visible global function definition for 'model.response'
    gls: no visible global function definition for 'model.frame'
    panelAR: no visible global function definition for 'lm'
    panelAR: no visible global function definition for 'model.matrix'
    panelAR: no visible global function definition for 'model.frame'
    panelAR: no visible global function definition for 'model.response'
    panelAR: no visible global function definition for 'residuals'
    panelAR: no visible global function definition for 'reshape'
    plot.panelAR: no visible global function definition for 'image'
    plot.panelAR: no visible global function definition for 'axis'
    plot.panelAR: no visible global function definition for 'text'
    plot.panelAR: no visible global function definition for 'par'
    prais.correct: no visible global function definition for 'na.omit'
    prais.correct: no visible global function definition for 'lm'
    prais.transform: no visible global function definition for 'embed'
    prais.transform: no visible global function definition for
     'complete.cases'
    predict.panelAR: no visible binding for global variable 'na.pass'
    predict.panelAR: no visible global function definition for
     'delete.response'
    predict.panelAR: no visible global function definition for
     'model.matrix'
    predict.panelAR: no visible global function definition for
     'model.frame'
    predict.panelAR: no visible global function definition for
     '.checkMFClasses'
    predict.panelAR: no visible global function definition for 'qt'
    print.summary.panelAR: no visible global function definition for
     'printCoefmat'
    summary.panelAR: no visible global function definition for 'pt'
    Undefined global functions or variables:
     .checkMFClasses axis complete.cases delete.response embed image lm
     model.frame model.matrix model.response na.omit na.pass par
     printCoefmat pt qt reshape residuals text
    Consider adding
     importFrom("graphics", "axis", "image", "par", "text")
     importFrom("stats", ".checkMFClasses", "complete.cases",
     "delete.response", "embed", "lm", "model.frame",
     "model.matrix", "model.response", "na.omit", "na.pass",
     "printCoefmat", "pt", "qt", "reshape", "residuals")
    to your NAMESPACE file.
Flavors: r-devel-linux-x86_64-debian-clang, r-devel-linux-x86_64-debian-gcc, r-devel-linux-x86_64-fedora-clang, r-devel-linux-x86_64-fedora-gcc, r-devel-windows-x86_64, r-devel-windows-x86_64-gcc10-UCRT, r-patched-linux-x86_64, r-patched-solaris-x86, r-release-linux-x86_64, r-release-macos-arm64, r-release-macos-x86_64, r-release-windows-ix86+x86_64, r-oldrel-macos-x86_64, r-oldrel-windows-ix86+x86_64

Version: 0.1
Check: whether package can be installed
Result: WARN
    Found the following significant warnings:
     WARNING: installation-time patches will not be applied, could not get the patches index
Flavor: r-devel-windows-x86_64-gcc10-UCRT

Version: 0.1
Check: PDF version of manual
Result: WARN
    LaTeX errors when creating PDF version.
    This typically indicates Rd problems.
Flavor: r-devel-windows-x86_64-gcc10-UCRT

Version: 0.1
Check: PDF version of manual without hyperrefs or index
Result: ERROR
    Re-running with no redirection of stdout/stderr.
Flavor: r-devel-windows-x86_64-gcc10-UCRT