CRAN Package Check Results for Package pamr

Last updated on 2021-08-03 23:52:20 CEST.

Flavor Version Tinstall Tcheck Ttotal Status Flags
r-devel-linux-x86_64-debian-clang 1.56.1 9.61 78.05 87.66 OK
r-devel-linux-x86_64-debian-gcc 1.56.1 7.98 58.93 66.91 OK
r-devel-linux-x86_64-fedora-clang 1.56.1 114.43 NOTE
r-devel-linux-x86_64-fedora-gcc 1.56.1 103.99 NOTE
r-devel-windows-x86_64 1.56.1 11.00 97.00 108.00 OK
r-devel-windows-x86_64-gcc10-UCRT 1.56.1 OK
r-patched-linux-x86_64 1.56.1 10.17 75.63 85.80 OK
r-patched-solaris-x86 1.56.1 151.60 OK
r-release-linux-x86_64 1.56.1 10.69 74.87 85.56 OK
r-release-macos-arm64 1.56.1 OK
r-release-macos-x86_64 1.56.1 OK
r-release-windows-ix86+x86_64 1.56.1 22.00 104.00 126.00 OK
r-oldrel-macos-x86_64 1.56.1 OK
r-oldrel-windows-ix86+x86_64 1.56.1 14.00 131.00 145.00 OK

Check Details

Version: 1.56.1
Check: compiled code
Result: NOTE
    File ‘pamr/libs/pamr.so’:
     Found no calls to: ‘R_registerRoutines’, ‘R_useDynamicSymbols’
    
    It is good practice to register native routines and to disable symbol
    search.
    
    See ‘Writing portable packages’ in the ‘Writing R Extensions’ manual.
Flavors: r-devel-linux-x86_64-fedora-clang, r-devel-linux-x86_64-fedora-gcc