CRAN Package Check Results for Package paleopop

Last updated on 2021-12-04 23:50:40 CET.

Flavor Version Tinstall Tcheck Ttotal Status Flags
r-devel-linux-x86_64-debian-clang 2.1.2 15.06 520.51 535.57 OK
r-devel-linux-x86_64-debian-gcc 2.1.2 13.26 407.14 420.40 OK
r-devel-linux-x86_64-fedora-clang 2.1.2 652.96 NOTE
r-devel-linux-x86_64-fedora-gcc 2.1.2 662.60 OK
r-devel-windows-x86_64-new-UL 2.1.2 29.00 471.00 500.00 OK
r-devel-windows-x86_64-new-TK 2.1.2 OK
r-devel-windows-x86_64-old 2.1.2 25.00 388.00 413.00 OK
r-patched-linux-x86_64 2.1.2 23.16 505.45 528.61 OK
r-release-linux-x86_64 2.1.2 15.84 502.29 518.13 OK
r-release-macos-arm64 2.1.2 OK
r-release-macos-x86_64 2.1.2 OK
r-release-windows-ix86+x86_64 2.1.2 31.00 488.00 519.00 OK
r-oldrel-macos-x86_64 2.1.2 OK
r-oldrel-windows-ix86+x86_64 2.1.2 30.00 541.00 571.00 OK

Check Details

Version: 2.1.2
Check: Rd cross-references
Result: NOTE
    Undeclared package ‘trend’ in Rd xrefs
Flavor: r-devel-linux-x86_64-fedora-clang