CRAN Package Check Results for Package paleopop

Last updated on 2022-05-23 23:50:10 CEST.

Flavor Version Tinstall Tcheck Ttotal Status Flags
r-devel-linux-x86_64-debian-clang 2.1.2 13.83 549.95 563.78 OK
r-devel-linux-x86_64-debian-gcc 2.1.2 12.94 430.77 443.71 OK
r-devel-linux-x86_64-fedora-clang 2.1.2 685.02 NOTE
r-devel-linux-x86_64-fedora-gcc 2.1.2 680.45 OK
r-devel-windows-x86_64 2.1.2 26.00 475.00 501.00 OK
r-patched-linux-x86_64 2.1.2 18.61 546.27 564.88 OK
r-release-linux-x86_64 2.1.2 OK
r-release-macos-arm64 2.1.2 169.00 OK
r-release-macos-x86_64 2.1.2 337.00 OK
r-release-windows-x86_64 2.1.2 32.00 484.00 516.00 OK
r-oldrel-macos-arm64 2.1.2 169.00 OK
r-oldrel-macos-x86_64 2.1.2 247.00 OK
r-oldrel-windows-ix86+x86_64 2.1.2 30.00 494.00 524.00 OK

Check Details

Version: 2.1.2
Check: Rd cross-references
Result: NOTE
    Undeclared package ‘trend’ in Rd xrefs
Flavor: r-devel-linux-x86_64-fedora-clang