CRAN Package Check Results for Package palasso

Last updated on 2021-10-16 23:49:31 CEST.

Flavor Version Tinstall Tcheck Ttotal Status Flags
r-devel-linux-x86_64-debian-clang 0.0.8 6.46 62.57 69.03 NOTE
r-devel-linux-x86_64-debian-gcc 0.0.8 5.67 46.58 52.25 NOTE
r-devel-linux-x86_64-fedora-clang 0.0.8 93.06 NOTE
r-devel-linux-x86_64-fedora-gcc 0.0.8 83.00 NOTE
r-devel-windows-x86_64 0.0.8 11.00 59.00 70.00 NOTE
r-devel-windows-x86_64-gcc10-UCRT 0.0.8 NOTE
r-patched-linux-x86_64 0.0.8 7.49 60.96 68.45 NOTE
r-patched-solaris-x86 0.0.8 114.40 NOTE
r-release-linux-x86_64 0.0.8 6.71 59.96 66.67 NOTE
r-release-macos-arm64 0.0.8 NOTE
r-release-macos-x86_64 0.0.8 NOTE
r-release-windows-ix86+x86_64 0.0.8 12.00 78.00 90.00 NOTE
r-oldrel-macos-x86_64 0.0.8 NOTE
r-oldrel-windows-ix86+x86_64 0.0.8 15.00 80.00 95.00 NOTE

Check Details

Version: 0.0.8
Check: package dependencies
Result: NOTE
    Package which this enhances but not available for checking: 'CorShrink'
Flavors: r-devel-linux-x86_64-debian-clang, r-devel-linux-x86_64-debian-gcc, r-devel-linux-x86_64-fedora-clang, r-devel-linux-x86_64-fedora-gcc, r-devel-windows-x86_64, r-devel-windows-x86_64-gcc10-UCRT, r-patched-linux-x86_64, r-patched-solaris-x86, r-release-linux-x86_64, r-release-macos-x86_64, r-release-windows-ix86+x86_64, r-oldrel-macos-x86_64, r-oldrel-windows-ix86+x86_64

Version: 0.0.8
Check: package dependencies
Result: NOTE
    Packages which this enhances but not available for checking:
     'CorShrink', 'edgeR'
Flavor: r-release-macos-arm64