CRAN Package Check Results for Package pafdR

Last updated on 2022-06-28 23:54:11 CEST.

Flavor Version Tinstall Tcheck Ttotal Status Flags
r-devel-linux-x86_64-debian-clang 1.0 2.09 27.74 29.83 NOTE
r-devel-linux-x86_64-debian-gcc 1.0 1.89 22.20 24.09 NOTE
r-devel-linux-x86_64-fedora-clang 1.0 47.23 NOTE
r-devel-linux-x86_64-fedora-gcc 1.0 46.35 NOTE
r-devel-windows-x86_64 1.0 13.00 58.00 71.00 NOTE
r-patched-linux-x86_64 1.0 1.94 27.41 29.35 NOTE
r-release-linux-x86_64 1.0 2.40 27.00 29.40 NOTE
r-release-macos-arm64 1.0 18.00 NOTE
r-release-macos-x86_64 1.0 24.00 NOTE
r-release-windows-x86_64 1.0 14.00 57.00 71.00 NOTE
r-oldrel-macos-arm64 1.0 19.00 NOTE
r-oldrel-macos-x86_64 1.0 27.00 NOTE
r-oldrel-windows-ix86+x86_64 1.0 6.00 46.00 52.00 NOTE

Check Details

Version: 1.0
Check: LazyData
Result: NOTE
     'LazyData' is specified without a 'data' directory
Flavors: r-devel-linux-x86_64-debian-clang, r-devel-linux-x86_64-debian-gcc, r-devel-linux-x86_64-fedora-clang, r-devel-linux-x86_64-fedora-gcc, r-devel-windows-x86_64, r-patched-linux-x86_64, r-release-linux-x86_64, r-release-macos-arm64, r-release-macos-x86_64, r-release-windows-x86_64, r-oldrel-macos-arm64, r-oldrel-macos-x86_64, r-oldrel-windows-ix86+x86_64