Last updated on 2023-01-26 23:55:58 CET.
Flavor | Version | Tinstall | Tcheck | Ttotal | Status | Flags |
---|---|---|---|---|---|---|
r-devel-linux-x86_64-debian-clang | 0.4.2 | 124.35 | 168.60 | 292.95 | OK | |
r-devel-linux-x86_64-debian-gcc | 0.4.2 | 100.85 | 112.42 | 213.27 | OK | |
r-devel-linux-x86_64-fedora-clang | 0.4.2 | 399.24 | OK | |||
r-devel-linux-x86_64-fedora-gcc | 0.4.2 | 368.42 | OK | |||
r-patched-linux-x86_64 | 0.4.2 | 112.41 | 160.49 | 272.90 | OK | |
r-release-linux-x86_64 | 0.4.2 | 96.42 | 164.20 | 260.62 | OK | |
r-release-macos-arm64 | 0.4.2 | 96.00 | NOTE | |||
r-release-macos-x86_64 | 0.4.2 | 122.00 | NOTE | |||
r-release-windows-x86_64 | 0.4.2 | 148.00 | 220.00 | 368.00 | OK | |
r-oldrel-macos-arm64 | 0.4.2 | 99.00 | NOTE | |||
r-oldrel-macos-x86_64 | 0.4.2 | 126.00 | NOTE | |||
r-oldrel-windows-ix86+x86_64 | 0.4.2 | 296.00 | 371.00 | 667.00 | OK |
Version: 0.4.2
Check: installed package size
Result: NOTE
installed size is 5.9Mb
sub-directories of 1Mb or more:
libs 5.6Mb
Flavors: r-release-macos-arm64, r-release-macos-x86_64, r-oldrel-macos-arm64, r-oldrel-macos-x86_64