CRAN Package Check Results for Package paco

Last updated on 2021-12-04 23:50:40 CET.

Flavor Version Tinstall Tcheck Ttotal Status Flags
r-devel-linux-x86_64-debian-clang 0.4.2 2.45 36.48 38.93 OK
r-devel-linux-x86_64-debian-gcc 0.4.2 1.38 28.44 29.82 OK
r-devel-linux-x86_64-fedora-clang 0.4.2 48.02 NOTE
r-devel-linux-x86_64-fedora-gcc 0.4.2 38.43 NOTE
r-devel-windows-x86_64-new-UL 0.4.2 6.00 61.00 67.00 OK
r-devel-windows-x86_64-new-TK 0.4.2 NOTE
r-devel-windows-x86_64-old 0.4.2 4.00 33.00 37.00 OK
r-patched-linux-x86_64 0.4.2 2.03 27.01 29.04 OK
r-release-linux-x86_64 0.4.2 1.89 27.20 29.09 OK
r-release-macos-arm64 0.4.2 NOTE
r-release-macos-x86_64 0.4.2 NOTE
r-release-windows-ix86+x86_64 0.4.2 5.00 45.00 50.00 OK
r-oldrel-macos-x86_64 0.4.2 NOTE
r-oldrel-windows-ix86+x86_64 0.4.2 7.00 47.00 54.00 OK

Check Details

Version: 0.4.2
Check: dependencies in R code
Result: NOTE
    Namespace in Imports field not imported from: ‘ape’
     All declared Imports should be used.
Flavors: r-devel-linux-x86_64-fedora-clang, r-devel-linux-x86_64-fedora-gcc, r-devel-windows-x86_64-new-TK, r-release-macos-arm64, r-release-macos-x86_64, r-oldrel-macos-x86_64