CRAN Package Check Results for Package pGPx

Last updated on 2023-01-28 23:51:46 CET.

Flavor Version Tinstall Tcheck Ttotal Status Flags
r-devel-linux-x86_64-debian-clang 0.1.2 35.63 54.78 90.41 OK
r-devel-linux-x86_64-debian-gcc 0.1.2 22.52 40.79 63.31 NOTE
r-devel-linux-x86_64-fedora-clang 0.1.2 115.43 NOTE
r-devel-linux-x86_64-fedora-gcc 0.1.2 118.49 NOTE
r-patched-linux-x86_64 0.1.2 23.86 51.96 75.82 OK
r-release-linux-x86_64 0.1.2 27.70 52.29 79.99 OK
r-release-macos-arm64 0.1.2 32.00 OK
r-release-macos-x86_64 0.1.2 44.00 OK
r-release-windows-x86_64 0.1.2 192.00 108.00 300.00 OK
r-oldrel-macos-arm64 0.1.2 28.00 OK
r-oldrel-macos-x86_64 0.1.2 46.00 OK
r-oldrel-windows-ix86+x86_64 0.1.2 74.00 128.00 202.00 OK

Check Details

Version: 0.1.2
Check: C++ specification
Result: NOTE
     Specified C++11: please update to current default of C++17
Flavors: r-devel-linux-x86_64-debian-gcc, r-devel-linux-x86_64-fedora-clang, r-devel-linux-x86_64-fedora-gcc