CRAN Package Check Results for Package ozmaps

Last updated on 2021-10-18 23:49:40 CEST.

Flavor Version Tinstall Tcheck Ttotal Status Flags
r-devel-linux-x86_64-debian-clang 0.4.5 9.94 69.55 79.49 OK
r-devel-linux-x86_64-debian-gcc 0.4.5 8.27 54.12 62.39 OK
r-devel-linux-x86_64-fedora-clang 0.4.5 108.12 OK
r-devel-linux-x86_64-fedora-gcc 0.4.5 96.40 OK
r-devel-windows-x86_64 0.4.5 17.00 97.00 114.00 OK
r-devel-windows-x86_64-gcc10-UCRT 0.4.5 OK
r-patched-linux-x86_64 0.4.5 9.64 65.74 75.38 OK
r-patched-solaris-x86 0.4.5 133.40 OK
r-release-linux-x86_64 0.4.5 8.58 65.64 74.22 OK
r-release-macos-arm64 0.4.5 NOTE
r-release-macos-x86_64 0.4.5 OK
r-release-windows-ix86+x86_64 0.4.5 14.00 90.00 104.00 OK
r-oldrel-macos-x86_64 0.4.5 OK
r-oldrel-windows-ix86+x86_64 0.4.5 20.00 92.00 112.00 OK

Check Details

Version: 0.4.5
Check: installed package size
Result: NOTE
     installed size is 5.1Mb
     sub-directories of 1Mb or more:
     data 4.0Mb
Flavor: r-release-macos-arm64