CRAN Package Check Results for Package owdbr

Last updated on 2023-06-09 00:54:29 CEST.

Flavor Version Tinstall Tcheck Ttotal Status Flags
r-devel-linux-x86_64-debian-clang 1.0.1.1 4.53 35.52 40.05 NOTE
r-devel-linux-x86_64-debian-gcc 1.0.1.1 2.68 27.69 30.37 NOTE
r-devel-linux-x86_64-fedora-clang 1.0.1.1 50.77 NOTE
r-devel-linux-x86_64-fedora-gcc 1.0.1.1 47.47 NOTE
r-devel-windows-x86_64 1.0.1.1 6.00 48.00 54.00 NOTE
r-patched-linux-x86_64 1.0.1.1 4.53 34.26 38.79 NOTE
r-release-linux-x86_64 1.0.1.1 3.97 34.49 38.46 NOTE
r-release-macos-arm64 1.0.1.1 21.00 NOTE
r-release-macos-x86_64 1.0.1.1 30.00 NOTE
r-release-windows-x86_64 1.0.1.1 6.00 50.00 56.00 NOTE
r-oldrel-macos-arm64 1.0.1.1 19.00 NOTE
r-oldrel-macos-x86_64 1.0.1.1 35.00 NOTE
r-oldrel-windows-x86_64 1.0.1.1 6.00 52.00 58.00 NOTE

Check Details

Version: 1.0.1.1
Check: LazyData
Result: NOTE
     'LazyData' is specified without a 'data' directory
Flavors: r-devel-linux-x86_64-debian-clang, r-devel-linux-x86_64-debian-gcc, r-devel-linux-x86_64-fedora-clang, r-devel-linux-x86_64-fedora-gcc, r-devel-windows-x86_64, r-patched-linux-x86_64, r-release-linux-x86_64, r-release-macos-arm64, r-release-macos-x86_64, r-release-windows-x86_64, r-oldrel-macos-arm64, r-oldrel-macos-x86_64, r-oldrel-windows-x86_64