CRAN Package Check Results for Package osmextract

Last updated on 2022-01-24 23:54:35 CET.

Flavor Version Tinstall Tcheck Ttotal Status Flags
r-devel-linux-x86_64-debian-clang 0.4.0 6.64 98.82 105.46 OK
r-devel-linux-x86_64-debian-gcc 0.4.0 5.45 76.02 81.47 OK
r-devel-linux-x86_64-fedora-clang 0.4.0 130.37 NOTE
r-devel-linux-x86_64-fedora-gcc 0.4.0 119.09 NOTE
r-devel-windows-x86_64-new-UL 0.4.0 93.00 154.00 247.00 OK
r-devel-windows-x86_64-new-TK 0.4.0 NOTE
r-patched-linux-x86_64 0.4.0 6.98 97.22 104.20 OK
r-release-linux-x86_64 0.4.0 6.45 95.54 101.99 OK
r-release-macos-arm64 0.4.0 NOTE
r-release-macos-x86_64 0.4.0 NOTE
r-release-windows-ix86+x86_64 0.4.0 16.00 130.00 146.00 OK
r-oldrel-macos-x86_64 0.4.0 NOTE
r-oldrel-windows-ix86+x86_64 0.4.0 16.00 123.00 139.00 OK

Check Details

Version: 0.4.0
Check: data for non-ASCII characters
Result: NOTE
     Note: found 263 marked UTF-8 strings
Flavors: r-devel-linux-x86_64-fedora-clang, r-devel-linux-x86_64-fedora-gcc, r-devel-windows-x86_64-new-TK, r-release-macos-arm64, r-release-macos-x86_64, r-oldrel-macos-x86_64