CRAN Package Check Results for Package ore

Last updated on 2022-01-21 23:48:54 CET.

Flavor Version Tinstall Tcheck Ttotal Status Flags
r-devel-linux-x86_64-debian-clang 1.7.1.1 20.27 34.79 55.06 OK
r-devel-linux-x86_64-debian-gcc 1.7.1.1 16.32 27.03 43.35 OK
r-devel-linux-x86_64-fedora-clang 1.7.1.1 72.74 OK
r-devel-linux-x86_64-fedora-gcc 1.7.1.1 61.24 OK
r-devel-windows-x86_64-new-UL 1.7.1.1 110.00 58.00 168.00 OK
r-devel-windows-x86_64-new-TK 1.7.1.1 NOTE
r-patched-linux-x86_64 1.7.1.1 18.30 34.09 52.39 OK
r-release-linux-x86_64 1.7.1.1 16.98 33.40 50.38 OK
r-release-macos-arm64 1.7.1.1 OK
r-release-macos-x86_64 1.7.1.1 OK
r-release-windows-ix86+x86_64 1.7.1.1 85.00 51.00 136.00 OK
r-oldrel-macos-x86_64 1.7.1.1 OK
r-oldrel-windows-ix86+x86_64 1.7.1.1 84.00 51.00 135.00 OK

Check Details

Version: 1.7.1.1
Check: line endings in C/C++/Fortran sources/headers
Result: NOTE
    Found the following sources/headers with CR or CRLF line endings:
     src/onig/config.h
    Some Unix compilers require LF line endings.
Flavor: r-devel-windows-x86_64-new-TK