CRAN Package Check Results for Package opusminer

Last updated on 2024-06-25 00:58:10 CEST.

Flavor Version Tinstall Tcheck Ttotal Status Flags
r-devel-linux-x86_64-debian-clang 0.1-1 52.52 82.61 135.13 NOTE
r-devel-linux-x86_64-debian-gcc 0.1-1 38.83 61.76 100.59 NOTE
r-devel-linux-x86_64-fedora-clang 0.1-1 204.24 NOTE
r-devel-linux-x86_64-fedora-gcc 0.1-1 184.51 NOTE
r-devel-windows-x86_64 0.1-1 47.00 88.00 135.00 NOTE
r-patched-linux-x86_64 0.1-1 42.27 78.56 120.83 NOTE
r-release-linux-x86_64 0.1-1 47.54 79.14 126.68 NOTE
r-release-macos-arm64 0.1-1 45.00 NOTE
r-release-macos-x86_64 0.1-1 73.00 NOTE
r-release-windows-x86_64 0.1-1 49.00 89.00 138.00 NOTE
r-oldrel-macos-arm64 0.1-1 51.00 NOTE
r-oldrel-macos-x86_64 0.1-1 88.00 NOTE
r-oldrel-windows-x86_64 0.1-1 42.00 108.00 150.00 NOTE

Check Details

Version: 0.1-1
Check: LazyData
Result: NOTE 'LazyData' is specified without a 'data' directory Flavors: r-devel-linux-x86_64-debian-clang, r-devel-linux-x86_64-debian-gcc, r-devel-linux-x86_64-fedora-clang, r-devel-linux-x86_64-fedora-gcc, r-devel-windows-x86_64, r-patched-linux-x86_64, r-release-linux-x86_64, r-release-macos-arm64, r-release-macos-x86_64, r-release-windows-x86_64, r-oldrel-macos-arm64, r-oldrel-macos-x86_64, r-oldrel-windows-x86_64