CRAN Package Check Results for Package optrcdmaeAT

Last updated on 2021-10-24 23:51:56 CEST.

Flavor Version Tinstall Tcheck Ttotal Status Flags
r-devel-linux-x86_64-debian-clang 1.0.0 12.60 74.78 87.38 NOTE
r-devel-linux-x86_64-debian-gcc 1.0.0 8.50 58.12 66.62 NOTE
r-devel-linux-x86_64-fedora-clang 1.0.0 115.61 NOTE
r-devel-linux-x86_64-fedora-gcc 1.0.0 105.76 NOTE
r-devel-windows-x86_64 1.0.0 15.00 90.00 105.00 OK
r-devel-windows-x86_64-gcc10-UCRT 1.0.0 OK
r-patched-linux-x86_64 1.0.0 14.56 74.11 88.67 NOTE
r-patched-solaris-x86 1.0.0 153.90 NOTE
r-release-linux-x86_64 1.0.0 10.29 73.56 83.85 NOTE
r-release-macos-arm64 1.0.0 OK
r-release-macos-x86_64 1.0.0 OK
r-release-windows-ix86+x86_64 1.0.0 16.00 79.00 95.00 OK
r-oldrel-macos-x86_64 1.0.0 OK
r-oldrel-windows-ix86+x86_64 1.0.0 21.00 96.00 117.00 OK

Check Details

Version: 1.0.0
Check: for non-standard things in the check directory
Result: NOTE
    Found the following files/directories:
     'Graph_layout_Doptrcd_trtE'
Flavors: r-devel-linux-x86_64-debian-clang, r-devel-linux-x86_64-debian-gcc, r-devel-linux-x86_64-fedora-clang, r-devel-linux-x86_64-fedora-gcc, r-patched-linux-x86_64, r-patched-solaris-x86, r-release-linux-x86_64