CRAN Package Check Results for Package optparse

Last updated on 2021-12-02 23:51:15 CET.

Flavor Version Tinstall Tcheck Ttotal Status Flags
r-devel-linux-x86_64-debian-clang 1.7.1 2.50 32.60 35.10 OK
r-devel-linux-x86_64-debian-gcc 1.7.1 1.97 25.52 27.49 OK
r-devel-linux-x86_64-fedora-clang 1.7.1 53.80 OK
r-devel-linux-x86_64-fedora-gcc 1.7.1 42.32 OK
r-devel-windows-x86_64-new-UL 1.7.1 7.00 70.00 77.00 OK --no-vignettes
r-devel-windows-x86_64-new-TK 1.7.1 OK
r-devel-windows-x86_64-old 1.7.1 4.00 35.00 39.00 OK --no-vignettes
r-patched-linux-x86_64 1.7.1 2.50 30.47 32.97 OK
r-patched-solaris-x86 1.7.1 56.90 OK --no-vignettes
r-release-linux-x86_64 1.7.1 2.40 30.39 32.79 OK
r-release-macos-arm64 1.7.1 OK
r-release-macos-x86_64 1.7.1 WARN
r-release-windows-ix86+x86_64 1.7.1 5.00 32.00 37.00 OK --no-vignettes
r-oldrel-macos-x86_64 1.7.1 WARN
r-oldrel-windows-ix86+x86_64 1.7.1 6.00 35.00 41.00 OK --no-vignettes

Check Details

Version: 1.7.1
Check: re-building of vignette outputs
Result: WARN
    Error(s) in re-building vignettes:
     ...
    --- re-building ‘optparse.Rrst’ using knitr
    sh: +RTS: command not found
    Warning in system(command) : error in running command
    Error: processing vignette 'optparse.Rrst' failed with diagnostics:
    pandoc document conversion failed with error 127
    --- failed re-building ‘optparse.Rrst’
    
    SUMMARY: processing the following file failed:
     ‘optparse.Rrst’
    
    Error: Vignette re-building failed.
    Execution halted
Flavors: r-release-macos-x86_64, r-oldrel-macos-x86_64