CRAN Package Check Results for Package optimus

Last updated on 2023-03-27 00:50:32 CEST.

Flavor Version Tinstall Tcheck Ttotal Status Flags
r-devel-linux-x86_64-debian-clang 0.2.0 2.83 222.02 224.85 OK
r-devel-linux-x86_64-debian-gcc 0.2.0 1.90 155.74 157.64 OK
r-devel-linux-x86_64-fedora-clang 0.2.0 265.99 NOTE
r-devel-linux-x86_64-fedora-gcc 0.2.0 267.75 NOTE
r-patched-linux-x86_64 0.2.0 2.77 211.19 213.96 OK
r-release-linux-x86_64 0.2.0 2.98 210.79 213.77 OK
r-release-macos-arm64 0.2.0 75.00 NOTE
r-release-macos-x86_64 0.2.0 88.00 NOTE
r-release-windows-x86_64 0.2.0 18.00 231.00 249.00 OK
r-oldrel-macos-arm64 0.2.0 78.00 NOTE
r-oldrel-macos-x86_64 0.2.0 131.00 NOTE
r-oldrel-windows-ix86+x86_64 0.2.0 7.00 273.00 280.00 OK

Check Details

Version: 0.2.0
Check: dependencies in R code
Result: NOTE
    Namespace in Imports field not imported from: ‘methods’
     All declared Imports should be used.
Flavors: r-devel-linux-x86_64-fedora-clang, r-devel-linux-x86_64-fedora-gcc, r-release-macos-arm64, r-release-macos-x86_64, r-oldrel-macos-arm64, r-oldrel-macos-x86_64