CRAN Package Check Results for Package optimus

Last updated on 2021-11-28 23:50:34 CET.

Flavor Version Tinstall Tcheck Ttotal Status Flags
r-devel-linux-x86_64-debian-clang 0.2.0 OK
r-devel-linux-x86_64-debian-gcc 0.2.0 2.30 148.45 150.75 OK
r-devel-linux-x86_64-fedora-clang 0.2.0 259.96 NOTE
r-devel-linux-x86_64-fedora-gcc 0.2.0 253.08 NOTE
r-devel-windows-x86_64-new-UL 0.2.0 8.00 263.00 271.00 OK
r-devel-windows-x86_64-new-TK 0.2.0 NOTE
r-devel-windows-x86_64-old 0.2.0 5.00 263.00 268.00 OK
r-patched-linux-x86_64 0.2.0 2.68 202.81 205.49 OK
r-patched-solaris-x86 0.2.0 66.90 NOTE
r-release-linux-x86_64 0.2.0 3.08 206.90 209.98 OK
r-release-macos-arm64 0.2.0 NOTE
r-release-macos-x86_64 0.2.0 NOTE
r-release-windows-ix86+x86_64 0.2.0 7.00 192.00 199.00 OK
r-oldrel-macos-x86_64 0.2.0 NOTE
r-oldrel-windows-ix86+x86_64 0.2.0 5.00 243.00 248.00 OK

Check Details

Version: 0.2.0
Check: dependencies in R code
Result: NOTE
    Namespace in Imports field not imported from: ‘methods’
     All declared Imports should be used.
Flavors: r-devel-linux-x86_64-fedora-clang, r-devel-linux-x86_64-fedora-gcc, r-devel-windows-x86_64-new-TK, r-patched-solaris-x86, r-release-macos-arm64, r-release-macos-x86_64, r-oldrel-macos-x86_64