CRAN Package Check Results for Package optiSolve

Last updated on 2021-10-24 23:51:56 CEST.

Flavor Version Tinstall Tcheck Ttotal Status Flags
r-devel-linux-x86_64-debian-clang 1.0 9.29 91.85 101.14 OK
r-devel-linux-x86_64-debian-gcc 1.0 7.16 70.86 78.02 OK
r-devel-linux-x86_64-fedora-clang 1.0 137.32 NOTE
r-devel-linux-x86_64-fedora-gcc 1.0 124.04 NOTE
r-devel-windows-x86_64 1.0 15.00 89.00 104.00 OK
r-devel-windows-x86_64-gcc10-UCRT 1.0 NOTE
r-patched-linux-x86_64 1.0 9.73 90.30 100.03 OK
r-patched-solaris-x86 1.0 204.80 NOTE
r-release-linux-x86_64 1.0 8.28 89.40 97.68 OK
r-release-macos-arm64 0.1.2 NOTE
r-release-macos-x86_64 1.0 NOTE
r-release-windows-ix86+x86_64 1.0 17.00 120.00 137.00 OK
r-oldrel-macos-x86_64 1.0 NOTE
r-oldrel-windows-ix86+x86_64 1.0 15.00 87.00 102.00 OK

Check Details

Version: 1.0
Check: dependencies in R code
Result: NOTE
    Namespace in Imports field not imported from: ‘Matrix’
     All declared Imports should be used.
Flavors: r-devel-linux-x86_64-fedora-clang, r-devel-linux-x86_64-fedora-gcc, r-devel-windows-x86_64-gcc10-UCRT, r-patched-solaris-x86, r-release-macos-x86_64, r-oldrel-macos-x86_64

Version: 0.1.2
Check: dependencies in R code
Result: NOTE
    Namespace in Imports field not imported from: ‘Matrix’
     All declared Imports should be used.
Flavor: r-release-macos-arm64