CRAN Package Check Results for Package optiRum

Last updated on 2021-08-03 23:52:20 CEST.

Flavor Version Tinstall Tcheck Ttotal Status Flags
r-devel-linux-x86_64-debian-clang 0.40.1 7.24 75.60 82.84 NOTE
r-devel-linux-x86_64-debian-gcc 0.40.1 5.24 56.40 61.64 NOTE
r-devel-linux-x86_64-fedora-clang 0.40.1 105.41 NOTE
r-devel-linux-x86_64-fedora-gcc 0.40.1 94.46 NOTE
r-devel-windows-x86_64 0.40.1 9.00 140.00 149.00 NOTE
r-devel-windows-x86_64-gcc10-UCRT 0.40.1 NOTE
r-patched-linux-x86_64 0.40.1 7.31 71.24 78.55 NOTE
r-patched-solaris-x86 0.40.1 135.90 NOTE
r-release-linux-x86_64 0.40.1 7.00 70.18 77.18 NOTE
r-release-macos-arm64 0.40.1 WARN
r-release-macos-x86_64 0.40.1 NOTE
r-release-windows-ix86+x86_64 0.40.1 16.00 96.00 112.00 NOTE
r-oldrel-macos-x86_64 0.40.1 OK
r-oldrel-windows-ix86+x86_64 0.40.1 14.00 101.00 115.00 OK

Check Details

Version: 0.40.1
Check: LazyData
Result: NOTE
     'LazyData' is specified without a 'data' directory
Flavors: r-devel-linux-x86_64-debian-clang, r-devel-linux-x86_64-debian-gcc, r-devel-linux-x86_64-fedora-clang, r-devel-linux-x86_64-fedora-gcc, r-devel-windows-x86_64, r-devel-windows-x86_64-gcc10-UCRT, r-patched-linux-x86_64, r-patched-solaris-x86, r-release-linux-x86_64, r-release-macos-arm64, r-release-macos-x86_64, r-release-windows-ix86+x86_64

Version: 0.40.1
Check: re-building of vignette outputs
Result: WARN
    Error(s) in re-building vignettes:
     ...
    --- re-building ‘index.Rmd’ using rmarkdown
    Warning in engine$weave(file, quiet = quiet, encoding = enc) :
     Pandoc (>= 1.12.3) not available. Falling back to R Markdown v1.
    --- finished re-building ‘index.Rmd’
    
    --- re-building ‘presentation.Rmd’ using rmarkdown
    Warning in engine$weave(file, quiet = quiet, encoding = enc) :
     Pandoc (>= 1.12.3) not available. Falling back to R Markdown v1.
    Quitting from lines 39-49 (presentation.Rmd)
    Error: processing vignette 'presentation.Rmd' failed with diagnostics:
    polygon edge not found
    --- failed re-building ‘presentation.Rmd’
    
    SUMMARY: processing the following file failed:
     ‘presentation.Rmd’
    
    Error: Vignette re-building failed.
    Execution halted
Flavor: r-release-macos-arm64