Last updated on 2022-05-22 23:51:50 CEST.
Flavor | Version | Tinstall | Tcheck | Ttotal | Status | Flags |
---|---|---|---|---|---|---|
r-devel-linux-x86_64-debian-clang | 2.0.1 | 16.25 | 58.49 | 74.74 | OK | |
r-devel-linux-x86_64-debian-gcc | 2.0.1 | 10.13 | 46.53 | 56.66 | OK | |
r-devel-linux-x86_64-fedora-clang | 2.0.1 | 96.93 | OK | |||
r-devel-linux-x86_64-fedora-gcc | 2.0.1 | 75.79 | ERROR | |||
r-devel-windows-x86_64 | 2.0.1 | 141.00 | 123.00 | 264.00 | NOTE | |
r-patched-linux-x86_64 | 2.0.1 | 11.50 | 61.97 | 73.47 | OK | |
r-release-linux-x86_64 | 2.0.1 | 10.04 | 58.19 | 68.23 | OK | |
r-release-macos-arm64 | 2.0.1 | 49.00 | NOTE | |||
r-release-macos-x86_64 | 2.0.1 | 58.00 | NOTE | |||
r-release-windows-x86_64 | 2.0.1 | 118.00 | 117.00 | 235.00 | NOTE | |
r-oldrel-macos-arm64 | 2.0.1 | 51.00 | NOTE | |||
r-oldrel-macos-x86_64 | 2.0.1 | 52.00 | NOTE | |||
r-oldrel-windows-ix86+x86_64 | 2.0.1 | 75.00 | 139.00 | 214.00 | NOTE |
Version: 2.0.1
Check: examples
Result: ERROR
Running examples in ‘openssl-Ex.R’ failed
The error most likely occurred in:
> ### Name: cert_verify
> ### Title: X509 certificates
> ### Aliases: cert_verify certificates download_ssl_cert ca_bundle
>
> ### ** Examples
>
> # Verify the r-project HTTPS cert
> chain <- download_ssl_cert("cran.r-project.org", 443)
Error in download_ssl_cert("cran.r-project.org", 443) :
Failed to connect to 137.208.57.37 on port 443
Execution halted
Flavor: r-devel-linux-x86_64-fedora-gcc
Version: 2.0.1
Check: installed package size
Result: NOTE
installed size is 5.9Mb
sub-directories of 1Mb or more:
doc 2.6Mb
libs 2.8Mb
Flavors: r-devel-windows-x86_64, r-release-macos-arm64, r-release-macos-x86_64, r-release-windows-x86_64, r-oldrel-macos-arm64, r-oldrel-macos-x86_64, r-oldrel-windows-ix86+x86_64