CRAN Package Check Results for Package openmetrics

Last updated on 2022-09-27 23:55:40 CEST.

Flavor Version Tinstall Tcheck Ttotal Status Flags
r-devel-linux-x86_64-debian-clang 0.3.0 6.98 26.72 33.70 NOTE
r-devel-linux-x86_64-debian-gcc 0.3.0 4.88 20.74 25.62 NOTE
r-devel-linux-x86_64-fedora-clang 0.3.0 54.21 NOTE
r-devel-linux-x86_64-fedora-gcc 0.3.0 51.28 NOTE
r-devel-windows-x86_64 0.3.0 31.00 52.00 83.00 NOTE
r-patched-linux-x86_64 0.3.0 5.97 25.29 31.26 NOTE
r-release-linux-x86_64 0.3.0 7.27 25.63 32.90 NOTE
r-release-macos-arm64 0.3.0 24.00 NOTE
r-release-macos-x86_64 0.3.0 23.00 NOTE
r-release-windows-x86_64 0.3.0 30.00 50.00 80.00 NOTE
r-oldrel-macos-arm64 0.3.0 28.00 NOTE
r-oldrel-macos-x86_64 0.3.0 24.00 NOTE
r-oldrel-windows-ix86+x86_64 0.3.0 12.00 49.00 61.00 NOTE

Check Details

Version: 0.3.0
Check: LazyData
Result: NOTE
     'LazyData' is specified without a 'data' directory
Flavors: r-devel-linux-x86_64-debian-clang, r-devel-linux-x86_64-debian-gcc, r-devel-linux-x86_64-fedora-clang, r-devel-linux-x86_64-fedora-gcc, r-devel-windows-x86_64, r-patched-linux-x86_64, r-release-linux-x86_64, r-release-macos-arm64, r-release-macos-x86_64, r-release-windows-x86_64, r-oldrel-macos-arm64, r-oldrel-macos-x86_64, r-oldrel-windows-ix86+x86_64

Version: 0.3.0
Check: dependencies in R code
Result: NOTE
    Namespace in Imports field not imported from: ‘R6’
     All declared Imports should be used.
Flavors: r-devel-linux-x86_64-fedora-clang, r-devel-linux-x86_64-fedora-gcc, r-release-macos-arm64, r-release-macos-x86_64, r-oldrel-macos-arm64, r-oldrel-macos-x86_64