CRAN Package Check Results for Package openintro

Last updated on 2024-06-13 00:55:25 CEST.

Flavor Version Tinstall Tcheck Ttotal Status Flags
r-devel-linux-x86_64-debian-clang 2.5.0 42.15 204.83 246.98 OK
r-devel-linux-x86_64-debian-gcc 2.5.0 1.30 1.88 3.18 ERROR
r-devel-linux-x86_64-fedora-clang 2.5.0 315.03 NOTE
r-devel-linux-x86_64-fedora-gcc 2.5.0 300.39 NOTE
r-devel-windows-x86_64 2.5.0 54.00 263.00 317.00 NOTE
r-patched-linux-x86_64 2.5.0 49.98 191.91 241.89 OK
r-release-linux-x86_64 2.5.0 30.60 194.18 224.78 OK
r-release-macos-arm64 2.5.0 102.00 NOTE
r-release-macos-x86_64 2.5.0 284.00 NOTE
r-release-windows-x86_64 2.5.0 56.00 267.00 323.00 NOTE
r-oldrel-macos-arm64 2.5.0 107.00 NOTE
r-oldrel-macos-x86_64 2.5.0 192.00 NOTE
r-oldrel-windows-x86_64 2.5.0 56.00 328.00 384.00 NOTE

Check Details

Version: 2.5.0
Check: package dependencies
Result: ERROR Packages required but not available: 'usdata', 'ggplot2', 'readr', 'tibble' Packages suggested but not available for checking: 'broom', 'dplyr', 'forcats', 'lubridate', 'testthat', 'tidyr', 'tidytext', 'stringr' See section ‘The DESCRIPTION file’ in the ‘Writing R Extensions’ manual. Flavor: r-devel-linux-x86_64-debian-gcc

Version: 2.5.0
Check: installed package size
Result: NOTE installed size is 5.6Mb sub-directories of 1Mb or more: data 4.5Mb Flavors: r-devel-linux-x86_64-fedora-clang, r-devel-windows-x86_64, r-release-macos-arm64, r-release-macos-x86_64, r-release-windows-x86_64, r-oldrel-macos-arm64, r-oldrel-macos-x86_64, r-oldrel-windows-x86_64

Version: 2.5.0
Check: data for non-ASCII characters
Result: NOTE Note: found 3134 marked UTF-8 strings Flavors: r-devel-linux-x86_64-fedora-clang, r-devel-linux-x86_64-fedora-gcc