Last updated on 2023-01-30 00:31:19 CET.
Flavor | Version | Tinstall | Tcheck | Ttotal | Status | Flags |
---|---|---|---|---|---|---|
r-devel-linux-x86_64-debian-clang | 0.2.3 | 128.79 | 62.12 | 190.91 | OK | |
r-devel-linux-x86_64-debian-gcc | 0.2.3 | 97.43 | 34.43 | 131.86 | OK | |
r-devel-linux-x86_64-fedora-gcc | 0.2.3 | 262.84 | OK | |||
r-devel-windows-x86_64 | 0.2.3 | 200.00 | 155.00 | 355.00 | NOTE | |
r-patched-linux-x86_64 | 0.2.3 | 104.78 | 46.37 | 151.15 | OK | |
r-release-linux-x86_64 | 0.2.3 | 109.49 | 46.69 | 156.18 | OK | |
r-release-macos-arm64 | 0.2.3 | 56.00 | NOTE | |||
r-release-macos-x86_64 | 0.2.3 | 86.00 | NOTE | |||
r-release-windows-x86_64 | 0.2.3 | 281.00 | 154.00 | 435.00 | NOTE | |
r-oldrel-macos-arm64 | 0.2.3 | 57.00 | NOTE | |||
r-oldrel-macos-x86_64 | 0.2.3 | 87.00 | NOTE | |||
r-oldrel-windows-ix86+x86_64 | 0.2.3 | 327.00 | 149.00 | 476.00 | NOTE |
Version: 0.2.3
Check: installed package size
Result: NOTE
installed size is 23.4Mb
sub-directories of 1Mb or more:
libs 13.1Mb
share 10.2Mb
Flavors: r-devel-windows-x86_64, r-release-macos-arm64, r-release-macos-x86_64, r-release-windows-x86_64, r-oldrel-macos-arm64, r-oldrel-macos-x86_64, r-oldrel-windows-ix86+x86_64