CRAN Package Check Results for Package openNLP

Last updated on 2021-05-15 23:49:22 CEST.

Flavor Version Tinstall Tcheck Ttotal Status Flags
r-devel-linux-x86_64-debian-clang 0.2-7 4.20 44.57 48.77 NOTE
r-devel-linux-x86_64-debian-gcc 0.2-7 3.09 36.00 39.09 NOTE
r-devel-linux-x86_64-fedora-clang 0.2-7 69.97 NOTE
r-devel-linux-x86_64-fedora-gcc 0.2-7 56.12 NOTE
r-devel-windows-ix86+x86_64 0.2-7 9.00 46.00 55.00 NOTE
r-devel-windows-x86_64-gcc10-UCRT 0.2-7 NOTE
r-patched-linux-x86_64 0.2-7 3.94 44.98 48.92 NOTE
r-patched-solaris-x86 0.2-7 81.50 NOTE
r-release-linux-x86_64 0.2-7 4.19 42.12 46.31 NOTE
r-release-macos-x86_64 0.2-7 NOTE
r-release-windows-ix86+x86_64 0.2-7 7.00 43.00 50.00 NOTE
r-oldrel-macos-x86_64 0.2-7 NOTE
r-oldrel-windows-ix86+x86_64 0.2-7 8.00 55.00 63.00 NOTE

Check Details

Version: 0.2-7
Check: package dependencies
Result: NOTE
    Package suggested but not available for checking: 'openNLPmodels.en'
Flavors: r-devel-linux-x86_64-debian-clang, r-devel-linux-x86_64-debian-gcc, r-devel-linux-x86_64-fedora-clang, r-devel-linux-x86_64-fedora-gcc, r-devel-windows-ix86+x86_64, r-devel-windows-x86_64-gcc10-UCRT, r-patched-linux-x86_64, r-patched-solaris-x86, r-release-linux-x86_64, r-release-macos-x86_64, r-release-windows-ix86+x86_64, r-oldrel-macos-x86_64, r-oldrel-windows-ix86+x86_64