Last updated on 2022-05-15 23:51:36 CEST.
Flavor | Version | Tinstall | Tcheck | Ttotal | Status | Flags |
---|---|---|---|---|---|---|
r-devel-linux-x86_64-debian-clang | 0.3 | 17.76 | 165.99 | 183.75 | OK | |
r-devel-linux-x86_64-debian-gcc | 0.3 | 14.53 | 120.19 | 134.72 | OK | |
r-devel-linux-x86_64-fedora-clang | 0.3 | 217.88 | OK | |||
r-devel-linux-x86_64-fedora-gcc | 0.3 | 204.40 | OK | |||
r-devel-windows-x86_64 | 0.3 | 36.00 | 164.00 | 200.00 | OK | |
r-patched-linux-x86_64 | 0.3 | 17.70 | 149.96 | 167.66 | OK | |
r-release-linux-x86_64 | 0.3 | 17.85 | 150.94 | 168.79 | OK | |
r-release-macos-arm64 | 0.3 | 6.00 | ERROR | |||
r-release-macos-x86_64 | 0.3 | 6.00 | ERROR | |||
r-release-windows-x86_64 | 0.3 | 41.00 | 165.00 | 206.00 | OK | |
r-oldrel-macos-arm64 | 0.3 | 6.00 | ERROR | |||
r-oldrel-macos-x86_64 | 0.3 | 6.00 | ERROR | |||
r-oldrel-windows-ix86+x86_64 | 0.3 | 43.00 | 159.00 | 202.00 | OK |
Version: 0.3
Check: package dependencies
Result: ERROR
Package required but not available: ‘mixAK’
See section ‘The DESCRIPTION file’ in the ‘Writing R Extensions’
manual.
Flavors: r-release-macos-arm64, r-release-macos-x86_64, r-oldrel-macos-arm64, r-oldrel-macos-x86_64