Last updated on 2023-05-31 01:03:25 CEST.
Flavor | Version | Tinstall | Tcheck | Ttotal | Status | Flags |
---|---|---|---|---|---|---|
r-devel-linux-x86_64-debian-clang | 0.1.4 | 184.04 | 339.72 | 523.76 | NOTE | |
r-devel-linux-x86_64-debian-gcc | 0.1.4 | 162.66 | 259.09 | 421.75 | NOTE | |
r-devel-linux-x86_64-fedora-clang | 0.1.4 | 655.56 | NOTE | |||
r-devel-linux-x86_64-fedora-gcc | 0.1.4 | 725.74 | NOTE | |||
r-devel-windows-x86_64 | 0.1.4 | 151.00 | 320.00 | 471.00 | NOTE | |
r-patched-linux-x86_64 | 0.1.4 | 146.28 | 340.51 | 486.79 | NOTE | |
r-release-linux-x86_64 | 0.1.4 | 150.51 | 338.78 | 489.29 | NOTE | |
r-release-macos-arm64 | 0.1.4 | 196.00 | NOTE | |||
r-release-macos-x86_64 | 0.1.4 | 288.00 | ERROR | |||
r-release-windows-x86_64 | 0.1.4 | 196.00 | 364.00 | 560.00 | NOTE | |
r-oldrel-macos-arm64 | 0.1.4 | 165.00 | NOTE | |||
r-oldrel-macos-x86_64 | 0.1.4 | 247.00 | NOTE | |||
r-oldrel-windows-x86_64 | 0.1.4 | 179.00 | 385.00 | 564.00 | NOTE |
Version: 0.1.4
Check: for GNU extensions in Makefiles
Result: NOTE
GNU make is a SystemRequirements.
Flavors: r-devel-linux-x86_64-debian-clang, r-devel-linux-x86_64-debian-gcc, r-devel-linux-x86_64-fedora-clang, r-devel-linux-x86_64-fedora-gcc, r-devel-windows-x86_64, r-patched-linux-x86_64, r-release-linux-x86_64, r-release-macos-arm64, r-release-macos-x86_64, r-release-windows-x86_64, r-oldrel-macos-arm64, r-oldrel-macos-x86_64, r-oldrel-windows-x86_64
Version: 0.1.4
Check: installed package size
Result: NOTE
installed size is 42.3Mb
sub-directories of 1Mb or more:
doc 1.1Mb
libs 40.1Mb
Flavors: r-release-macos-arm64, r-release-macos-x86_64, r-oldrel-macos-arm64, r-oldrel-macos-x86_64
Version: 0.1.4
Check: re-building of vignette outputs
Result: ERROR
Error(s) in re-building vignettes:
...
--- re-building ‘avoiding-bias.Rmd’ using rmarkdown
Pandoc is required to build R Markdown vignettes but not available. Please make sure it is installed.
--- finished re-building ‘avoiding-bias.Rmd’
--- re-building ‘oncomsm.Rmd’ using rmarkdown
Pandoc is required to build R Markdown vignettes but not available. Please make sure it is installed.
Quitting from lines 52-58 (oncomsm.Rmd)
Error: processing vignette 'oncomsm.Rmd' failed with diagnostics:
attempt to apply non-function
--- failed re-building ‘oncomsm.Rmd’
--- re-building ‘prior-choice.Rmd’ using rmarkdown
Pandoc is required to build R Markdown vignettes but not available. Please make sure it is installed.
--- finished re-building ‘prior-choice.Rmd’
SUMMARY: processing the following file failed:
‘oncomsm.Rmd’
Error: Vignette re-building failed.
Execution halted
Flavor: r-release-macos-x86_64